{"id":314,"date":"2026-04-29T15:16:57","date_gmt":"2026-04-29T15:16:57","guid":{"rendered":"https:\/\/mercedesbarrutia.com\/fundamental\/?page_id=314"},"modified":"2026-04-29T15:16:59","modified_gmt":"2026-04-29T15:16:59","slug":"que-es-esto-a-ver","status":"publish","type":"page","link":"https:\/\/mercedesbarrutia.com\/fundamental\/que-es-esto-a-ver\/","title":{"rendered":"Qu\u00e9 es esto, a ver"},"content":{"rendered":"\n<p><strong><mark style=\"background-color:rgba(0, 0, 0, 0);color:#006600\" class=\"has-inline-color\">Un espacio destinado a profesionales, a la sociedad y la educaci\u00f3n a cargo de Mercedes Barrutia.<\/mark><\/strong><\/p>\n\n\n\n<p>Aqu\u00ed podr\u00e1s encontrar un entorno de trabajo totalmente inclusivo, seguro, con buen ambiente y totalmente equipado, que adem\u00e1s ofrece servicio de asesoramiento en Comunicaci\u00f3n.<\/p>\n\n\n\n<p>Adem\u00e1s, formaci\u00f3n profesional y educaci\u00f3n social: un espacio intelectual destinado por completo al desarrollo del individuo en todas las esferas, as\u00ed como un espacio de acompa\u00f1amiento, reflexi\u00f3n, filosof\u00eda y reconstrucci\u00f3n social.<\/p>\n\n\n\n<p>Para todas las personas.<\/p>\n\n\n\n<div style=\"height:36px\" aria-hidden=\"true\" class=\"wp-block-spacer\"><\/div>\n\n\n\n<p><mark style=\"background-color:rgba(0, 0, 0, 0);color:#006600\" class=\"has-inline-color\"><strong>\u00bfQu\u00e9 ofrecemos?<\/strong> <\/mark><\/p>\n\n\n\n<p>Un espacio de trabajo profesional que combina comunicaci\u00f3n, formaci\u00f3n profesional, educaci\u00f3n social y perspectiva inclusiva. Dise\u00f1ado para personas que necesitan un entorno tranquilo, \u00e9tico y productivo.<\/p>\n\n\n\n<ul class=\"wp-block-list\">\n<li>Disfruta trabajando en nuestro <strong>espacio de coworking<\/strong>, acompa\u00f1ado de otros profesionales<\/li>\n\n\n\n<li>Disfruta aprendiendo en nuestro <strong>espacio formativo-educativo<\/strong> con los mejores profesionales de cada sector<\/li>\n\n\n\n<li>Alquila nuestras <strong>instalaciones para tus formaciones, presentaciones, reuniones<\/strong>\u2026<\/li>\n<\/ul>\n\n\n\n<p><\/p>\n","protected":false},"excerpt":{"rendered":"<p>Un espacio destinado a profesionales, a la sociedad y la educaci\u00f3n a cargo de Mercedes [&hellip;]<\/p>\n","protected":false},"author":2,"featured_media":0,"parent":0,"menu_order":0,"comment_status":"closed","ping_status":"closed","template":"","meta":{"_uag_custom_page_level_css":"","footnotes":""},"class_list":["post-314","page","type-page","status-publish","hentry"],"yoast_head":"<!-- This site is optimized with the Yoast SEO plugin v27.5 - https:\/\/yoast.com\/product\/yoast-seo-wordpress\/ -->\n<title>Qu\u00e9 es esto, a ver - Es fundamental<\/title>\n<meta name=\"description\" content=\"Un espacio a cargo de Mercedes Barrutia, para formaci\u00f3n, educaci\u00f3n y trabajo colaborativo. Para ti, para tu marca, para la sociedad\" \/>\n<meta name=\"robots\" content=\"index, follow, max-snippet:-1, max-image-preview:large, max-video-preview:-1\" \/>\n<link rel=\"canonical\" href=\"https:\/\/mercedesbarrutia.com\/fundamental\/que-es-esto-a-ver\/\" \/>\n<meta property=\"og:locale\" content=\"es_ES\" \/>\n<meta property=\"og:type\" content=\"article\" \/>\n<meta property=\"og:title\" content=\"Qu\u00e9 es esto, a ver - Es fundamental\" \/>\n<meta property=\"og:description\" content=\"Un espacio a cargo de Mercedes Barrutia, para formaci\u00f3n, educaci\u00f3n y trabajo colaborativo. Para ti, para tu marca, para la sociedad\" \/>\n<meta property=\"og:url\" content=\"https:\/\/mercedesbarrutia.com\/fundamental\/que-es-esto-a-ver\/\" \/>\n<meta property=\"og:site_name\" content=\"Es fundamental\" \/>\n<meta property=\"article:modified_time\" content=\"2026-04-29T15:16:59+00:00\" \/>\n<meta name=\"twitter:card\" content=\"summary_large_image\" \/>\n<meta name=\"twitter:label1\" content=\"Tiempo de lectura\" \/>\n\t<meta name=\"twitter:data1\" content=\"1 minuto\" \/>\n<script type=\"application\/ld+json\" class=\"yoast-schema-graph\">{\"@context\":\"https:\\\/\\\/schema.org\",\"@graph\":[{\"@type\":\"WebPage\",\"@id\":\"https:\\\/\\\/mercedesbarrutia.com\\\/fundamental\\\/que-es-esto-a-ver\\\/\",\"url\":\"https:\\\/\\\/mercedesbarrutia.com\\\/fundamental\\\/que-es-esto-a-ver\\\/\",\"name\":\"Qu\u00e9 es esto, a ver - Es fundamental\",\"isPartOf\":{\"@id\":\"https:\\\/\\\/mercedesbarrutia.com\\\/fundamental\\\/#website\"},\"datePublished\":\"2026-04-29T15:16:57+00:00\",\"dateModified\":\"2026-04-29T15:16:59+00:00\",\"description\":\"Un espacio a cargo de Mercedes Barrutia, para formaci\u00f3n, educaci\u00f3n y trabajo colaborativo. Para ti, para tu marca, para la sociedad\",\"breadcrumb\":{\"@id\":\"https:\\\/\\\/mercedesbarrutia.com\\\/fundamental\\\/que-es-esto-a-ver\\\/#breadcrumb\"},\"inLanguage\":\"es\",\"potentialAction\":[{\"@type\":\"ReadAction\",\"target\":[\"https:\\\/\\\/mercedesbarrutia.com\\\/fundamental\\\/que-es-esto-a-ver\\\/\"]}]},{\"@type\":\"BreadcrumbList\",\"@id\":\"https:\\\/\\\/mercedesbarrutia.com\\\/fundamental\\\/que-es-esto-a-ver\\\/#breadcrumb\",\"itemListElement\":[{\"@type\":\"ListItem\",\"position\":1,\"name\":\"Portada\",\"item\":\"https:\\\/\\\/mercedesbarrutia.com\\\/fundamental\\\/\"},{\"@type\":\"ListItem\",\"position\":2,\"name\":\"Qu\u00e9 es esto, a ver\"}]},{\"@type\":\"WebSite\",\"@id\":\"https:\\\/\\\/mercedesbarrutia.com\\\/fundamental\\\/#website\",\"url\":\"https:\\\/\\\/mercedesbarrutia.com\\\/fundamental\\\/\",\"name\":\"Formaci\u00f3n Profesional y Educaci\u00f3n Social\",\"description\":\"Formaci\u00f3n profesional &amp; educaci\u00f3n social\",\"publisher\":{\"@id\":\"https:\\\/\\\/mercedesbarrutia.com\\\/fundamental\\\/#\\\/schema\\\/person\\\/9beb311f3633e576fab6de667c16c022\"},\"potentialAction\":[{\"@type\":\"SearchAction\",\"target\":{\"@type\":\"EntryPoint\",\"urlTemplate\":\"https:\\\/\\\/mercedesbarrutia.com\\\/fundamental\\\/?s={search_term_string}\"},\"query-input\":{\"@type\":\"PropertyValueSpecification\",\"valueRequired\":true,\"valueName\":\"search_term_string\"}}],\"inLanguage\":\"es\"},{\"@type\":[\"Person\",\"Organization\"],\"@id\":\"https:\\\/\\\/mercedesbarrutia.com\\\/fundamental\\\/#\\\/schema\\\/person\\\/9beb311f3633e576fab6de667c16c022\",\"name\":\"Formaci\u00f3n Profesional y Educaci\u00f3n Social\",\"image\":{\"@type\":\"ImageObject\",\"inLanguage\":\"es\",\"@id\":\"https:\\\/\\\/mercedesbarrutia.com\\\/fundamental\\\/wp-content\\\/uploads\\\/2025\\\/01\\\/FUNDAMENTAL-LOGOTIPO-03.png\",\"url\":\"https:\\\/\\\/mercedesbarrutia.com\\\/fundamental\\\/wp-content\\\/uploads\\\/2025\\\/01\\\/FUNDAMENTAL-LOGOTIPO-03.png\",\"contentUrl\":\"https:\\\/\\\/mercedesbarrutia.com\\\/fundamental\\\/wp-content\\\/uploads\\\/2025\\\/01\\\/FUNDAMENTAL-LOGOTIPO-03.png\",\"width\":1082,\"height\":686,\"caption\":\"Formaci\u00f3n Profesional y Educaci\u00f3n Social\"},\"logo\":{\"@id\":\"https:\\\/\\\/mercedesbarrutia.com\\\/fundamental\\\/wp-content\\\/uploads\\\/2025\\\/01\\\/FUNDAMENTAL-LOGOTIPO-03.png\"},\"description\":\"Esta p\u00e1gina web es un entorno dedicado a la formaci\u00f3n profesional y a la educaci\u00f3n social a cargo de la comunicadora Mercedes Barrutia.\",\"sameAs\":[\"http:\\\/\\\/mercedesbarrutia.com\\\/fundamental\",\"https:\\\/\\\/www.instagram.com\\\/fundamental_formacion\\\/\",\"https:\\\/\\\/www.linkedin.com\\\/company\\\/fundamental-formacin\\\/\"]}]}<\/script>\n<!-- \/ Yoast SEO plugin. -->","yoast_head_json":{"title":"Qu\u00e9 es esto, a ver - Es fundamental","description":"Un espacio a cargo de Mercedes Barrutia, para formaci\u00f3n, educaci\u00f3n y trabajo colaborativo. Para ti, para tu marca, para la sociedad","robots":{"index":"index","follow":"follow","max-snippet":"max-snippet:-1","max-image-preview":"max-image-preview:large","max-video-preview":"max-video-preview:-1"},"canonical":"https:\/\/mercedesbarrutia.com\/fundamental\/que-es-esto-a-ver\/","og_locale":"es_ES","og_type":"article","og_title":"Qu\u00e9 es esto, a ver - Es fundamental","og_description":"Un espacio a cargo de Mercedes Barrutia, para formaci\u00f3n, educaci\u00f3n y trabajo colaborativo. Para ti, para tu marca, para la sociedad","og_url":"https:\/\/mercedesbarrutia.com\/fundamental\/que-es-esto-a-ver\/","og_site_name":"Es fundamental","article_modified_time":"2026-04-29T15:16:59+00:00","twitter_card":"summary_large_image","twitter_misc":{"Tiempo de lectura":"1 minuto"},"schema":{"@context":"https:\/\/schema.org","@graph":[{"@type":"WebPage","@id":"https:\/\/mercedesbarrutia.com\/fundamental\/que-es-esto-a-ver\/","url":"https:\/\/mercedesbarrutia.com\/fundamental\/que-es-esto-a-ver\/","name":"Qu\u00e9 es esto, a ver - Es fundamental","isPartOf":{"@id":"https:\/\/mercedesbarrutia.com\/fundamental\/#website"},"datePublished":"2026-04-29T15:16:57+00:00","dateModified":"2026-04-29T15:16:59+00:00","description":"Un espacio a cargo de Mercedes Barrutia, para formaci\u00f3n, educaci\u00f3n y trabajo colaborativo. Para ti, para tu marca, para la sociedad","breadcrumb":{"@id":"https:\/\/mercedesbarrutia.com\/fundamental\/que-es-esto-a-ver\/#breadcrumb"},"inLanguage":"es","potentialAction":[{"@type":"ReadAction","target":["https:\/\/mercedesbarrutia.com\/fundamental\/que-es-esto-a-ver\/"]}]},{"@type":"BreadcrumbList","@id":"https:\/\/mercedesbarrutia.com\/fundamental\/que-es-esto-a-ver\/#breadcrumb","itemListElement":[{"@type":"ListItem","position":1,"name":"Portada","item":"https:\/\/mercedesbarrutia.com\/fundamental\/"},{"@type":"ListItem","position":2,"name":"Qu\u00e9 es esto, a ver"}]},{"@type":"WebSite","@id":"https:\/\/mercedesbarrutia.com\/fundamental\/#website","url":"https:\/\/mercedesbarrutia.com\/fundamental\/","name":"Formaci\u00f3n Profesional y Educaci\u00f3n Social","description":"Formaci\u00f3n profesional &amp; educaci\u00f3n social","publisher":{"@id":"https:\/\/mercedesbarrutia.com\/fundamental\/#\/schema\/person\/9beb311f3633e576fab6de667c16c022"},"potentialAction":[{"@type":"SearchAction","target":{"@type":"EntryPoint","urlTemplate":"https:\/\/mercedesbarrutia.com\/fundamental\/?s={search_term_string}"},"query-input":{"@type":"PropertyValueSpecification","valueRequired":true,"valueName":"search_term_string"}}],"inLanguage":"es"},{"@type":["Person","Organization"],"@id":"https:\/\/mercedesbarrutia.com\/fundamental\/#\/schema\/person\/9beb311f3633e576fab6de667c16c022","name":"Formaci\u00f3n Profesional y Educaci\u00f3n Social","image":{"@type":"ImageObject","inLanguage":"es","@id":"https:\/\/mercedesbarrutia.com\/fundamental\/wp-content\/uploads\/2025\/01\/FUNDAMENTAL-LOGOTIPO-03.png","url":"https:\/\/mercedesbarrutia.com\/fundamental\/wp-content\/uploads\/2025\/01\/FUNDAMENTAL-LOGOTIPO-03.png","contentUrl":"https:\/\/mercedesbarrutia.com\/fundamental\/wp-content\/uploads\/2025\/01\/FUNDAMENTAL-LOGOTIPO-03.png","width":1082,"height":686,"caption":"Formaci\u00f3n Profesional y Educaci\u00f3n Social"},"logo":{"@id":"https:\/\/mercedesbarrutia.com\/fundamental\/wp-content\/uploads\/2025\/01\/FUNDAMENTAL-LOGOTIPO-03.png"},"description":"Esta p\u00e1gina web es un entorno dedicado a la formaci\u00f3n profesional y a la educaci\u00f3n social a cargo de la comunicadora Mercedes Barrutia.","sameAs":["http:\/\/mercedesbarrutia.com\/fundamental","https:\/\/www.instagram.com\/fundamental_formacion\/","https:\/\/www.linkedin.com\/company\/fundamental-formacin\/"]}]}},"uagb_featured_image_src":{"full":false,"thumbnail":false,"medium":false,"medium_large":false,"large":false,"1536x1536":false,"2048x2048":false},"uagb_author_info":{"display_name":"Formaci\u00f3n Profesional y Educaci\u00f3n Social","author_link":"https:\/\/mercedesbarrutia.com\/fundamental\/author\/admin-2\/"},"uagb_comment_info":0,"uagb_excerpt":"Un espacio destinado a profesionales, a la sociedad y la educaci\u00f3n a cargo de Mercedes [&hellip;]","jetpack_sharing_enabled":true,"_links":{"self":[{"href":"https:\/\/mercedesbarrutia.com\/fundamental\/wp-json\/wp\/v2\/pages\/314","targetHints":{"allow":["GET"]}}],"collection":[{"href":"https:\/\/mercedesbarrutia.com\/fundamental\/wp-json\/wp\/v2\/pages"}],"about":[{"href":"https:\/\/mercedesbarrutia.com\/fundamental\/wp-json\/wp\/v2\/types\/page"}],"author":[{"embeddable":true,"href":"https:\/\/mercedesbarrutia.com\/fundamental\/wp-json\/wp\/v2\/users\/2"}],"replies":[{"embeddable":true,"href":"https:\/\/mercedesbarrutia.com\/fundamental\/wp-json\/wp\/v2\/comments?post=314"}],"version-history":[{"count":1,"href":"https:\/\/mercedesbarrutia.com\/fundamental\/wp-json\/wp\/v2\/pages\/314\/revisions"}],"predecessor-version":[{"id":315,"href":"https:\/\/mercedesbarrutia.com\/fundamental\/wp-json\/wp\/v2\/pages\/314\/revisions\/315"}],"wp:attachment":[{"href":"https:\/\/mercedesbarrutia.com\/fundamental\/wp-json\/wp\/v2\/media?parent=314"}],"curies":[{"name":"wp","href":"https:\/\/api.w.org\/{rel}","templated":true}]}}

Qué es esto, a ver

<p><strong><mark style="background-color:rgba(0, 0, 0, 0);color:#006600" class="has-inline-color">Un espacio destinado a profesionales, a la sociedad y la educación a cargo de Mercedes Barrutia.</mark></strong></p>



<p>Aquí podrás encontrar un entorno de trabajo totalmente inclusivo, seguro, con buen ambiente y totalmente equipado, que además ofrece servicio de asesoramiento en Comunicación.</p>



<p>Además, formación profesional y educación social: un espacio intelectual destinado por completo al desarrollo del individuo en todas las esferas, así como un espacio de acompañamiento, reflexión, filosofía y reconstrucción social.</p>



<p>Para todas las personas.</p>



<div style="height:36px" aria-hidden="true" class="wp-block-spacer"></div>



<p><mark style="background-color:rgba(0, 0, 0, 0);color:#006600" class="has-inline-color"><strong>¿Qué ofrecemos?</strong> </mark></p>



<p>Un espacio de trabajo profesional que combina comunicación, formación profesional, educación social y perspectiva inclusiva. Diseñado para personas que necesitan un entorno tranquilo, ético y productivo.</p>



<ul class="wp-block-list">
<li>Disfruta trabajando en nuestro <strong>espacio de coworking</strong>, acompañado de otros profesionales</li>



<li>Disfruta aprendiendo en nuestro <strong>espacio formativo-educativo</strong> con los mejores profesionales de cada sector</li>



<li>Alquila nuestras <strong>instalaciones para tus formaciones, presentaciones, reuniones</strong>…</li>
</ul>



<p></p>

<p>Un espacio destinado a profesionales, a la sociedad y la educación a cargo de Mercedes [&hellip;]</p>

<!-- This site is optimized with the Yoast SEO plugin v27.5 - https://yoast.com/product/yoast-seo-wordpress/ -->
<title>Qué es esto, a ver - Es fundamental</title>
<meta name="description" content="Un espacio a cargo de Mercedes Barrutia, para formación, educación y trabajo colaborativo. Para ti, para tu marca, para la sociedad" />
<meta name="robots" content="index, follow, max-snippet:-1, max-image-preview:large, max-video-preview:-1" />
<link rel="canonical" href="https://mercedesbarrutia.com/fundamental/que-es-esto-a-ver/" />
<meta property="og:locale" content="es_ES" />
<meta property="og:type" content="article" />
<meta property="og:title" content="Qué es esto, a ver - Es fundamental" />
<meta property="og:description" content="Un espacio a cargo de Mercedes Barrutia, para formación, educación y trabajo colaborativo. Para ti, para tu marca, para la sociedad" />
<meta property="og:url" content="https://mercedesbarrutia.com/fundamental/que-es-esto-a-ver/" />
<meta property="og:site_name" content="Es fundamental" />
<meta property="article:modified_time" content="2026-04-29T15:16:59+00:00" />
<meta name="twitter:card" content="summary_large_image" />
<meta name="twitter:label1" content="Tiempo de lectura" />
	<meta name="twitter:data1" content="1 minuto" />
<script type="application/ld+json" class="yoast-schema-graph">{"@context":"https:\/\/schema.org","@graph":[{"@type":"WebPage","@id":"https:\/\/mercedesbarrutia.com\/fundamental\/que-es-esto-a-ver\/","url":"https:\/\/mercedesbarrutia.com\/fundamental\/que-es-esto-a-ver\/","name":"Qué es esto, a ver - Es fundamental","isPartOf":{"@id":"https:\/\/mercedesbarrutia.com\/fundamental\/#website"},"datePublished":"2026-04-29T15:16:57+00:00","dateModified":"2026-04-29T15:16:59+00:00","description":"Un espacio a cargo de Mercedes Barrutia, para formación, educación y trabajo colaborativo. Para ti, para tu marca, para la sociedad","breadcrumb":{"@id":"https:\/\/mercedesbarrutia.com\/fundamental\/que-es-esto-a-ver\/#breadcrumb"},"inLanguage":"es","potentialAction":[{"@type":"ReadAction","target":["https:\/\/mercedesbarrutia.com\/fundamental\/que-es-esto-a-ver\/"]}]},{"@type":"BreadcrumbList","@id":"https:\/\/mercedesbarrutia.com\/fundamental\/que-es-esto-a-ver\/#breadcrumb","itemListElement":[{"@type":"ListItem","position":1,"name":"Portada","item":"https:\/\/mercedesbarrutia.com\/fundamental\/"},{"@type":"ListItem","position":2,"name":"Qué es esto, a ver"}]},{"@type":"WebSite","@id":"https:\/\/mercedesbarrutia.com\/fundamental\/#website","url":"https:\/\/mercedesbarrutia.com\/fundamental\/","name":"Formación Profesional y Educación Social","description":"Formación profesional &amp; educación social","publisher":{"@id":"https:\/\/mercedesbarrutia.com\/fundamental\/#\/schema\/person\/9beb311f3633e576fab6de667c16c022"},"potentialAction":[{"@type":"SearchAction","target":{"@type":"EntryPoint","urlTemplate":"https:\/\/mercedesbarrutia.com\/fundamental\/?s={search_term_string}"},"query-input":{"@type":"PropertyValueSpecification","valueRequired":true,"valueName":"search_term_string"}}],"inLanguage":"es"},{"@type":["Person","Organization"],"@id":"https:\/\/mercedesbarrutia.com\/fundamental\/#\/schema\/person\/9beb311f3633e576fab6de667c16c022","name":"Formación Profesional y Educación Social","image":{"@type":"ImageObject","inLanguage":"es","@id":"https:\/\/mercedesbarrutia.com\/fundamental\/wp-content\/uploads\/2025\/01\/FUNDAMENTAL-LOGOTIPO-03.png","url":"https:\/\/mercedesbarrutia.com\/fundamental\/wp-content\/uploads\/2025\/01\/FUNDAMENTAL-LOGOTIPO-03.png","contentUrl":"https:\/\/mercedesbarrutia.com\/fundamental\/wp-content\/uploads\/2025\/01\/FUNDAMENTAL-LOGOTIPO-03.png","width":1082,"height":686,"caption":"Formación Profesional y Educación Social"},"logo":{"@id":"https:\/\/mercedesbarrutia.com\/fundamental\/wp-content\/uploads\/2025\/01\/FUNDAMENTAL-LOGOTIPO-03.png"},"description":"Esta página web es un entorno dedicado a la formación profesional y a la educación social a cargo de la comunicadora Mercedes Barrutia.","sameAs":["http:\/\/mercedesbarrutia.com\/fundamental","https:\/\/www.instagram.com\/fundamental_formacion\/","https:\/\/www.linkedin.com\/company\/fundamental-formacin\/"]}]}</script>
<!-- / Yoast SEO plugin. -->

Qué es esto, a ver - Es fundamental

Un espacio a cargo de Mercedes Barrutia, para formación, educación y trabajo colaborativo. Para ti, para tu marca, para la sociedad

Formación Profesional y Educación Social

Formación profesional &amp; educación social

Esta página web es un entorno dedicado a la formación profesional y a la educación social a cargo de la comunicadora Mercedes Barrutia.

Un espacio destinado a profesionales, a la sociedad y la educación a cargo de Mercedes [&hellip;]
