{"id":281,"date":"2026-04-29T12:32:27","date_gmt":"2026-04-29T12:32:27","guid":{"rendered":"https:\/\/mercedesbarrutia.com\/fundamental\/?page_id=281"},"modified":"2026-04-29T12:32:28","modified_gmt":"2026-04-29T12:32:28","slug":"contacto","status":"publish","type":"page","link":"https:\/\/mercedesbarrutia.com\/fundamental\/contacto\/","title":{"rendered":"Contacto"},"content":{"rendered":"\n<p>Puedes escribirme cuando quieras: la atenci\u00f3n es directa, humana y personalizada, y resolvemos tus dudas sin esperas ni automatismos. Si necesitas informaci\u00f3n, quieres visitar el espacio o simplemente comprobar si este entorno encaja contigo, te respondo personalmente.<\/p>\n\n\n\n<p>Si quieres m\u00e1s informaci\u00f3n sobre el coworking: <\/p>\n\n\n\n<p class=\"has-text-align-center\"><strong>coworking@mercedesbarrutia.com<\/strong> <\/p>\n\n\n\n<p>Si queires informaci\u00f3n sobre formaciones y educaci\u00f3n: <\/p>\n\n\n\n<p class=\"has-text-align-center\"><strong>fundamental@mercedebarrutia.com <\/strong><\/p>\n\n\n\n<p>Tambi\u00e9n atendemos por WhatsApp:<\/p>\n\n\n\n<div class=\"wp-block-jetpack-send-a-message\">\n<div class=\"wp-block-jetpack-whatsapp-button aligncenter is-color-dark\"><a class=\"whatsapp-block__button\" href=\"https:\/\/api.whatsapp.com\/send?phone=&amp;text=Hola%2C%20tengo%20tu%20informaci%C3%B3n%20de%20WhatsApp%20de%20tu%20web.\" style=\"background-color:#25D366;color:#fff\" target=\"_self\" rel=\"noopener noreferrer\">Chat en WhatsApp<\/a><\/div>\n<\/div>\n\n\n\n<p>Estamos en Armilla, a 3 minutos andando de la parada de metro Armilla. Cerca de parada de autob\u00fas, bares, pubs, fruter\u00eda, cafeter\u00edas y otros muchos servicios profesionales: <\/p>\n\n\n\n<p class=\"has-text-align-center\">Calle Vizcaya 13, 18100 Armilla, Granada<\/p>\n\n\n\n<p><\/p>\n","protected":false},"excerpt":{"rendered":"<p>Puedes escribirme cuando quieras: la atenci\u00f3n es directa, humana y personalizada, y resolvemos tus dudas [&hellip;]<\/p>\n","protected":false},"author":2,"featured_media":0,"parent":0,"menu_order":0,"comment_status":"closed","ping_status":"closed","template":"","meta":{"_uag_custom_page_level_css":"","footnotes":""},"class_list":["post-281","page","type-page","status-publish","hentry"],"yoast_head":"<!-- This site is optimized with the Yoast SEO plugin v27.5 - https:\/\/yoast.com\/product\/yoast-seo-wordpress\/ -->\n<title>Contacto - Es fundamental<\/title>\n<meta name=\"description\" content=\"Formaci\u00f3n Profesional, Educaci\u00f3n y Social y Coworking de Mercedes Barrutia. Contacta aqu\u00ed para m\u00e1s informaci\u00f3n (atiende una persona)\" \/>\n<meta name=\"robots\" content=\"index, follow, max-snippet:-1, max-image-preview:large, max-video-preview:-1\" \/>\n<link rel=\"canonical\" href=\"https:\/\/mercedesbarrutia.com\/fundamental\/contacto\/\" \/>\n<meta property=\"og:locale\" content=\"es_ES\" \/>\n<meta property=\"og:type\" content=\"article\" \/>\n<meta property=\"og:title\" content=\"Contacto - Es fundamental\" \/>\n<meta property=\"og:description\" content=\"Formaci\u00f3n Profesional, Educaci\u00f3n y Social y Coworking de Mercedes Barrutia. Contacta aqu\u00ed para m\u00e1s informaci\u00f3n (atiende una persona)\" \/>\n<meta property=\"og:url\" content=\"https:\/\/mercedesbarrutia.com\/fundamental\/contacto\/\" \/>\n<meta property=\"og:site_name\" content=\"Es fundamental\" \/>\n<meta property=\"article:modified_time\" content=\"2026-04-29T12:32:28+00:00\" \/>\n<meta name=\"twitter:card\" content=\"summary_large_image\" \/>\n<meta name=\"twitter:label1\" content=\"Tiempo de lectura\" \/>\n\t<meta name=\"twitter:data1\" content=\"1 minuto\" \/>\n<script type=\"application\/ld+json\" class=\"yoast-schema-graph\">{\"@context\":\"https:\\\/\\\/schema.org\",\"@graph\":[{\"@type\":\"WebPage\",\"@id\":\"https:\\\/\\\/mercedesbarrutia.com\\\/fundamental\\\/contacto\\\/\",\"url\":\"https:\\\/\\\/mercedesbarrutia.com\\\/fundamental\\\/contacto\\\/\",\"name\":\"Contacto - Es fundamental\",\"isPartOf\":{\"@id\":\"https:\\\/\\\/mercedesbarrutia.com\\\/fundamental\\\/#website\"},\"datePublished\":\"2026-04-29T12:32:27+00:00\",\"dateModified\":\"2026-04-29T12:32:28+00:00\",\"description\":\"Formaci\u00f3n Profesional, Educaci\u00f3n y Social y Coworking de Mercedes Barrutia. Contacta aqu\u00ed para m\u00e1s informaci\u00f3n (atiende una persona)\",\"breadcrumb\":{\"@id\":\"https:\\\/\\\/mercedesbarrutia.com\\\/fundamental\\\/contacto\\\/#breadcrumb\"},\"inLanguage\":\"es\",\"potentialAction\":[{\"@type\":\"ReadAction\",\"target\":[\"https:\\\/\\\/mercedesbarrutia.com\\\/fundamental\\\/contacto\\\/\"]}]},{\"@type\":\"BreadcrumbList\",\"@id\":\"https:\\\/\\\/mercedesbarrutia.com\\\/fundamental\\\/contacto\\\/#breadcrumb\",\"itemListElement\":[{\"@type\":\"ListItem\",\"position\":1,\"name\":\"Portada\",\"item\":\"https:\\\/\\\/mercedesbarrutia.com\\\/fundamental\\\/\"},{\"@type\":\"ListItem\",\"position\":2,\"name\":\"Contacto\"}]},{\"@type\":\"WebSite\",\"@id\":\"https:\\\/\\\/mercedesbarrutia.com\\\/fundamental\\\/#website\",\"url\":\"https:\\\/\\\/mercedesbarrutia.com\\\/fundamental\\\/\",\"name\":\"Formaci\u00f3n Profesional y Educaci\u00f3n Social\",\"description\":\"Formaci\u00f3n profesional &amp; educaci\u00f3n social\",\"publisher\":{\"@id\":\"https:\\\/\\\/mercedesbarrutia.com\\\/fundamental\\\/#\\\/schema\\\/person\\\/9beb311f3633e576fab6de667c16c022\"},\"potentialAction\":[{\"@type\":\"SearchAction\",\"target\":{\"@type\":\"EntryPoint\",\"urlTemplate\":\"https:\\\/\\\/mercedesbarrutia.com\\\/fundamental\\\/?s={search_term_string}\"},\"query-input\":{\"@type\":\"PropertyValueSpecification\",\"valueRequired\":true,\"valueName\":\"search_term_string\"}}],\"inLanguage\":\"es\"},{\"@type\":[\"Person\",\"Organization\"],\"@id\":\"https:\\\/\\\/mercedesbarrutia.com\\\/fundamental\\\/#\\\/schema\\\/person\\\/9beb311f3633e576fab6de667c16c022\",\"name\":\"Formaci\u00f3n Profesional y Educaci\u00f3n Social\",\"image\":{\"@type\":\"ImageObject\",\"inLanguage\":\"es\",\"@id\":\"https:\\\/\\\/mercedesbarrutia.com\\\/fundamental\\\/wp-content\\\/uploads\\\/2025\\\/01\\\/FUNDAMENTAL-LOGOTIPO-03.png\",\"url\":\"https:\\\/\\\/mercedesbarrutia.com\\\/fundamental\\\/wp-content\\\/uploads\\\/2025\\\/01\\\/FUNDAMENTAL-LOGOTIPO-03.png\",\"contentUrl\":\"https:\\\/\\\/mercedesbarrutia.com\\\/fundamental\\\/wp-content\\\/uploads\\\/2025\\\/01\\\/FUNDAMENTAL-LOGOTIPO-03.png\",\"width\":1082,\"height\":686,\"caption\":\"Formaci\u00f3n Profesional y Educaci\u00f3n Social\"},\"logo\":{\"@id\":\"https:\\\/\\\/mercedesbarrutia.com\\\/fundamental\\\/wp-content\\\/uploads\\\/2025\\\/01\\\/FUNDAMENTAL-LOGOTIPO-03.png\"},\"description\":\"Esta p\u00e1gina web es un entorno dedicado a la formaci\u00f3n profesional y a la educaci\u00f3n social a cargo de la comunicadora Mercedes Barrutia.\",\"sameAs\":[\"http:\\\/\\\/mercedesbarrutia.com\\\/fundamental\",\"https:\\\/\\\/www.instagram.com\\\/fundamental_formacion\\\/\",\"https:\\\/\\\/www.linkedin.com\\\/company\\\/fundamental-formacin\\\/\"]}]}<\/script>\n<!-- \/ Yoast SEO plugin. -->","yoast_head_json":{"title":"Contacto - Es fundamental","description":"Formaci\u00f3n Profesional, Educaci\u00f3n y Social y Coworking de Mercedes Barrutia. Contacta aqu\u00ed para m\u00e1s informaci\u00f3n (atiende una persona)","robots":{"index":"index","follow":"follow","max-snippet":"max-snippet:-1","max-image-preview":"max-image-preview:large","max-video-preview":"max-video-preview:-1"},"canonical":"https:\/\/mercedesbarrutia.com\/fundamental\/contacto\/","og_locale":"es_ES","og_type":"article","og_title":"Contacto - Es fundamental","og_description":"Formaci\u00f3n Profesional, Educaci\u00f3n y Social y Coworking de Mercedes Barrutia. Contacta aqu\u00ed para m\u00e1s informaci\u00f3n (atiende una persona)","og_url":"https:\/\/mercedesbarrutia.com\/fundamental\/contacto\/","og_site_name":"Es fundamental","article_modified_time":"2026-04-29T12:32:28+00:00","twitter_card":"summary_large_image","twitter_misc":{"Tiempo de lectura":"1 minuto"},"schema":{"@context":"https:\/\/schema.org","@graph":[{"@type":"WebPage","@id":"https:\/\/mercedesbarrutia.com\/fundamental\/contacto\/","url":"https:\/\/mercedesbarrutia.com\/fundamental\/contacto\/","name":"Contacto - Es fundamental","isPartOf":{"@id":"https:\/\/mercedesbarrutia.com\/fundamental\/#website"},"datePublished":"2026-04-29T12:32:27+00:00","dateModified":"2026-04-29T12:32:28+00:00","description":"Formaci\u00f3n Profesional, Educaci\u00f3n y Social y Coworking de Mercedes Barrutia. Contacta aqu\u00ed para m\u00e1s informaci\u00f3n (atiende una persona)","breadcrumb":{"@id":"https:\/\/mercedesbarrutia.com\/fundamental\/contacto\/#breadcrumb"},"inLanguage":"es","potentialAction":[{"@type":"ReadAction","target":["https:\/\/mercedesbarrutia.com\/fundamental\/contacto\/"]}]},{"@type":"BreadcrumbList","@id":"https:\/\/mercedesbarrutia.com\/fundamental\/contacto\/#breadcrumb","itemListElement":[{"@type":"ListItem","position":1,"name":"Portada","item":"https:\/\/mercedesbarrutia.com\/fundamental\/"},{"@type":"ListItem","position":2,"name":"Contacto"}]},{"@type":"WebSite","@id":"https:\/\/mercedesbarrutia.com\/fundamental\/#website","url":"https:\/\/mercedesbarrutia.com\/fundamental\/","name":"Formaci\u00f3n Profesional y Educaci\u00f3n Social","description":"Formaci\u00f3n profesional &amp; educaci\u00f3n social","publisher":{"@id":"https:\/\/mercedesbarrutia.com\/fundamental\/#\/schema\/person\/9beb311f3633e576fab6de667c16c022"},"potentialAction":[{"@type":"SearchAction","target":{"@type":"EntryPoint","urlTemplate":"https:\/\/mercedesbarrutia.com\/fundamental\/?s={search_term_string}"},"query-input":{"@type":"PropertyValueSpecification","valueRequired":true,"valueName":"search_term_string"}}],"inLanguage":"es"},{"@type":["Person","Organization"],"@id":"https:\/\/mercedesbarrutia.com\/fundamental\/#\/schema\/person\/9beb311f3633e576fab6de667c16c022","name":"Formaci\u00f3n Profesional y Educaci\u00f3n Social","image":{"@type":"ImageObject","inLanguage":"es","@id":"https:\/\/mercedesbarrutia.com\/fundamental\/wp-content\/uploads\/2025\/01\/FUNDAMENTAL-LOGOTIPO-03.png","url":"https:\/\/mercedesbarrutia.com\/fundamental\/wp-content\/uploads\/2025\/01\/FUNDAMENTAL-LOGOTIPO-03.png","contentUrl":"https:\/\/mercedesbarrutia.com\/fundamental\/wp-content\/uploads\/2025\/01\/FUNDAMENTAL-LOGOTIPO-03.png","width":1082,"height":686,"caption":"Formaci\u00f3n Profesional y Educaci\u00f3n Social"},"logo":{"@id":"https:\/\/mercedesbarrutia.com\/fundamental\/wp-content\/uploads\/2025\/01\/FUNDAMENTAL-LOGOTIPO-03.png"},"description":"Esta p\u00e1gina web es un entorno dedicado a la formaci\u00f3n profesional y a la educaci\u00f3n social a cargo de la comunicadora Mercedes Barrutia.","sameAs":["http:\/\/mercedesbarrutia.com\/fundamental","https:\/\/www.instagram.com\/fundamental_formacion\/","https:\/\/www.linkedin.com\/company\/fundamental-formacin\/"]}]}},"uagb_featured_image_src":{"full":false,"thumbnail":false,"medium":false,"medium_large":false,"large":false,"1536x1536":false,"2048x2048":false},"uagb_author_info":{"display_name":"Formaci\u00f3n Profesional y Educaci\u00f3n Social","author_link":"https:\/\/mercedesbarrutia.com\/fundamental\/author\/admin-2\/"},"uagb_comment_info":0,"uagb_excerpt":"Puedes escribirme cuando quieras: la atenci\u00f3n es directa, humana y personalizada, y resolvemos tus dudas [&hellip;]","jetpack_sharing_enabled":true,"_links":{"self":[{"href":"https:\/\/mercedesbarrutia.com\/fundamental\/wp-json\/wp\/v2\/pages\/281","targetHints":{"allow":["GET"]}}],"collection":[{"href":"https:\/\/mercedesbarrutia.com\/fundamental\/wp-json\/wp\/v2\/pages"}],"about":[{"href":"https:\/\/mercedesbarrutia.com\/fundamental\/wp-json\/wp\/v2\/types\/page"}],"author":[{"embeddable":true,"href":"https:\/\/mercedesbarrutia.com\/fundamental\/wp-json\/wp\/v2\/users\/2"}],"replies":[{"embeddable":true,"href":"https:\/\/mercedesbarrutia.com\/fundamental\/wp-json\/wp\/v2\/comments?post=281"}],"version-history":[{"count":1,"href":"https:\/\/mercedesbarrutia.com\/fundamental\/wp-json\/wp\/v2\/pages\/281\/revisions"}],"predecessor-version":[{"id":282,"href":"https:\/\/mercedesbarrutia.com\/fundamental\/wp-json\/wp\/v2\/pages\/281\/revisions\/282"}],"wp:attachment":[{"href":"https:\/\/mercedesbarrutia.com\/fundamental\/wp-json\/wp\/v2\/media?parent=281"}],"curies":[{"name":"wp","href":"https:\/\/api.w.org\/{rel}","templated":true}]}}

<p>Puedes escribirme cuando quieras: la atención es directa, humana y personalizada, y resolvemos tus dudas sin esperas ni automatismos. Si necesitas información, quieres visitar el espacio o simplemente comprobar si este entorno encaja contigo, te respondo personalmente.</p>



<p>Si quieres más información sobre el coworking: </p>



<p class="has-text-align-center"><strong>coworking@mercedesbarrutia.com</strong> </p>



<p>Si queires información sobre formaciones y educación: </p>



<p class="has-text-align-center"><strong>fundamental@mercedebarrutia.com </strong></p>



<p>También atendemos por WhatsApp:</p>



<div class="wp-block-jetpack-send-a-message">
<div class="wp-block-jetpack-whatsapp-button aligncenter is-color-dark"><a class="whatsapp-block__button" href="https://api.whatsapp.com/send?phone=&amp;text=Hola%2C%20tengo%20tu%20informaci%C3%B3n%20de%20WhatsApp%20de%20tu%20web." style="background-color:#25D366;color:#fff" target="_self" rel="noopener noreferrer">Chat en WhatsApp</a></div>
</div>



<p>Estamos en Armilla, a 3 minutos andando de la parada de metro Armilla. Cerca de parada de autobús, bares, pubs, frutería, cafeterías y otros muchos servicios profesionales: </p>



<p class="has-text-align-center">Calle Vizcaya 13, 18100 Armilla, Granada</p>



<p></p>

<p>Puedes escribirme cuando quieras: la atención es directa, humana y personalizada, y resolvemos tus dudas [&hellip;]</p>

<!-- This site is optimized with the Yoast SEO plugin v27.5 - https://yoast.com/product/yoast-seo-wordpress/ -->
<title>Contacto - Es fundamental</title>
<meta name="description" content="Formación Profesional, Educación y Social y Coworking de Mercedes Barrutia. Contacta aquí para más información (atiende una persona)" />
<meta name="robots" content="index, follow, max-snippet:-1, max-image-preview:large, max-video-preview:-1" />
<link rel="canonical" href="https://mercedesbarrutia.com/fundamental/contacto/" />
<meta property="og:locale" content="es_ES" />
<meta property="og:type" content="article" />
<meta property="og:title" content="Contacto - Es fundamental" />
<meta property="og:description" content="Formación Profesional, Educación y Social y Coworking de Mercedes Barrutia. Contacta aquí para más información (atiende una persona)" />
<meta property="og:url" content="https://mercedesbarrutia.com/fundamental/contacto/" />
<meta property="og:site_name" content="Es fundamental" />
<meta property="article:modified_time" content="2026-04-29T12:32:28+00:00" />
<meta name="twitter:card" content="summary_large_image" />
<meta name="twitter:label1" content="Tiempo de lectura" />
	<meta name="twitter:data1" content="1 minuto" />
<script type="application/ld+json" class="yoast-schema-graph">{"@context":"https:\/\/schema.org","@graph":[{"@type":"WebPage","@id":"https:\/\/mercedesbarrutia.com\/fundamental\/contacto\/","url":"https:\/\/mercedesbarrutia.com\/fundamental\/contacto\/","name":"Contacto - Es fundamental","isPartOf":{"@id":"https:\/\/mercedesbarrutia.com\/fundamental\/#website"},"datePublished":"2026-04-29T12:32:27+00:00","dateModified":"2026-04-29T12:32:28+00:00","description":"Formación Profesional, Educación y Social y Coworking de Mercedes Barrutia. Contacta aquí para más información (atiende una persona)","breadcrumb":{"@id":"https:\/\/mercedesbarrutia.com\/fundamental\/contacto\/#breadcrumb"},"inLanguage":"es","potentialAction":[{"@type":"ReadAction","target":["https:\/\/mercedesbarrutia.com\/fundamental\/contacto\/"]}]},{"@type":"BreadcrumbList","@id":"https:\/\/mercedesbarrutia.com\/fundamental\/contacto\/#breadcrumb","itemListElement":[{"@type":"ListItem","position":1,"name":"Portada","item":"https:\/\/mercedesbarrutia.com\/fundamental\/"},{"@type":"ListItem","position":2,"name":"Contacto"}]},{"@type":"WebSite","@id":"https:\/\/mercedesbarrutia.com\/fundamental\/#website","url":"https:\/\/mercedesbarrutia.com\/fundamental\/","name":"Formación Profesional y Educación Social","description":"Formación profesional &amp; educación social","publisher":{"@id":"https:\/\/mercedesbarrutia.com\/fundamental\/#\/schema\/person\/9beb311f3633e576fab6de667c16c022"},"potentialAction":[{"@type":"SearchAction","target":{"@type":"EntryPoint","urlTemplate":"https:\/\/mercedesbarrutia.com\/fundamental\/?s={search_term_string}"},"query-input":{"@type":"PropertyValueSpecification","valueRequired":true,"valueName":"search_term_string"}}],"inLanguage":"es"},{"@type":["Person","Organization"],"@id":"https:\/\/mercedesbarrutia.com\/fundamental\/#\/schema\/person\/9beb311f3633e576fab6de667c16c022","name":"Formación Profesional y Educación Social","image":{"@type":"ImageObject","inLanguage":"es","@id":"https:\/\/mercedesbarrutia.com\/fundamental\/wp-content\/uploads\/2025\/01\/FUNDAMENTAL-LOGOTIPO-03.png","url":"https:\/\/mercedesbarrutia.com\/fundamental\/wp-content\/uploads\/2025\/01\/FUNDAMENTAL-LOGOTIPO-03.png","contentUrl":"https:\/\/mercedesbarrutia.com\/fundamental\/wp-content\/uploads\/2025\/01\/FUNDAMENTAL-LOGOTIPO-03.png","width":1082,"height":686,"caption":"Formación Profesional y Educación Social"},"logo":{"@id":"https:\/\/mercedesbarrutia.com\/fundamental\/wp-content\/uploads\/2025\/01\/FUNDAMENTAL-LOGOTIPO-03.png"},"description":"Esta página web es un entorno dedicado a la formación profesional y a la educación social a cargo de la comunicadora Mercedes Barrutia.","sameAs":["http:\/\/mercedesbarrutia.com\/fundamental","https:\/\/www.instagram.com\/fundamental_formacion\/","https:\/\/www.linkedin.com\/company\/fundamental-formacin\/"]}]}</script>
<!-- / Yoast SEO plugin. -->

Formación Profesional, Educación y Social y Coworking de Mercedes Barrutia. Contacta aquí para más información (atiende una persona)

Formación Profesional y Educación Social

Formación profesional &amp; educación social

Esta página web es un entorno dedicado a la formación profesional y a la educación social a cargo de la comunicadora Mercedes Barrutia.

Puedes escribirme cuando quieras: la atención es directa, humana y personalizada, y resolvemos tus dudas [&hellip;]
