{"id":197,"date":"2025-08-28T17:18:12","date_gmt":"2025-08-28T17:18:12","guid":{"rendered":"https:\/\/mercedesbarrutia.com\/fundamental\/?page_id=197"},"modified":"2025-08-28T17:18:14","modified_gmt":"2025-08-28T17:18:14","slug":"mision","status":"publish","type":"page","link":"https:\/\/mercedesbarrutia.com\/fundamental\/mision\/","title":{"rendered":"Misi\u00f3n"},"content":{"rendered":"\n<p class=\"gtfy-1\">Crear una sociedad m\u00e1s equilibrada fomentando el pensamiento cr\u00edtico y el conocimiento especializado, ofreciendo un espacio libre de expresi\u00f3n, cultura y formaci\u00f3n desde un punto de vista humanista, centrista y filantr\u00f3pico que potencia la intelectualidad del individuo y de su grupo: nuestras \u00e1goras. <\/p>\n\n\n\n<figure class=\"wp-block-image aligncenter size-full is-resized gtfy-4\"><img loading=\"lazy\" decoding=\"async\" width=\"300\" height=\"300\" src=\"https:\/\/mercedesbarrutia.com\/fundamental\/wp-content\/uploads\/2025\/08\/jazmin.png\" alt=\"\" class=\"wp-image-185\" style=\"width:135px;height:auto\" srcset=\"https:\/\/mercedesbarrutia.com\/fundamental\/wp-content\/uploads\/2025\/08\/jazmin.png 300w, https:\/\/mercedesbarrutia.com\/fundamental\/wp-content\/uploads\/2025\/08\/jazmin-150x150.png 150w\" sizes=\"auto, (max-width: 300px) 100vw, 300px\" \/><\/figure>\n\n\n\n<p class=\"gtfy-7\">Formaci\u00f3n Profesional &amp; Educaci\u00f3n Social. <br>Porque es <em>fundamental<\/em>.<\/p>\n\n\n\n<p class=\"gtfy-10\"><\/p>\n","protected":false},"excerpt":{"rendered":"<p>Crear una sociedad m\u00e1s equilibrada fomentando el pensamiento cr\u00edtico y el conocimiento especializado, ofreciendo un [&hellip;]<\/p>\n","protected":false},"author":2,"featured_media":0,"parent":0,"menu_order":0,"comment_status":"closed","ping_status":"closed","template":"","meta":{"footnotes":""},"class_list":["post-197","page","type-page","status-publish","hentry"],"yoast_head":"<!-- This site is optimized with the Yoast SEO plugin v26.9 - https:\/\/yoast.com\/product\/yoast-seo-wordpress\/ -->\n<title>Misi\u00f3n - Es fundamental<\/title>\n<meta name=\"description\" content=\"Misi\u00f3n de las \u00e1goras de Formaci\u00f3n Profesional y Educaci\u00f3n Social\" \/>\n<meta name=\"robots\" content=\"index, follow, max-snippet:-1, max-image-preview:large, max-video-preview:-1\" \/>\n<link rel=\"canonical\" href=\"https:\/\/mercedesbarrutia.com\/fundamental\/mision\/\" \/>\n<meta property=\"og:locale\" content=\"es_ES\" \/>\n<meta property=\"og:type\" content=\"article\" \/>\n<meta property=\"og:title\" content=\"Misi\u00f3n - Es fundamental\" \/>\n<meta property=\"og:description\" content=\"Misi\u00f3n de las \u00e1goras de Formaci\u00f3n Profesional y Educaci\u00f3n Social\" \/>\n<meta property=\"og:url\" content=\"https:\/\/mercedesbarrutia.com\/fundamental\/mision\/\" \/>\n<meta property=\"og:site_name\" content=\"Es fundamental\" \/>\n<meta property=\"article:modified_time\" content=\"2025-08-28T17:18:14+00:00\" \/>\n<meta property=\"og:image\" content=\"https:\/\/mercedesbarrutia.com\/fundamental\/wp-content\/uploads\/2025\/08\/jazmin.png\" \/>\n\t<meta property=\"og:image:width\" content=\"300\" \/>\n\t<meta property=\"og:image:height\" content=\"300\" \/>\n\t<meta property=\"og:image:type\" content=\"image\/png\" \/>\n<meta name=\"twitter:card\" content=\"summary_large_image\" \/>\n<meta name=\"twitter:label1\" content=\"Tiempo de lectura\" \/>\n\t<meta name=\"twitter:data1\" content=\"1 minuto\" \/>\n<script type=\"application\/ld+json\" class=\"yoast-schema-graph\">{\"@context\":\"https:\/\/schema.org\",\"@graph\":[{\"@type\":\"WebPage\",\"@id\":\"https:\/\/mercedesbarrutia.com\/fundamental\/mision\/\",\"url\":\"https:\/\/mercedesbarrutia.com\/fundamental\/mision\/\",\"name\":\"Misi\u00f3n - Es fundamental\",\"isPartOf\":{\"@id\":\"https:\/\/mercedesbarrutia.com\/fundamental\/#website\"},\"primaryImageOfPage\":{\"@id\":\"https:\/\/mercedesbarrutia.com\/fundamental\/mision\/#primaryimage\"},\"image\":{\"@id\":\"https:\/\/mercedesbarrutia.com\/fundamental\/mision\/#primaryimage\"},\"thumbnailUrl\":\"https:\/\/mercedesbarrutia.com\/fundamental\/wp-content\/uploads\/2025\/08\/jazmin.png\",\"datePublished\":\"2025-08-28T17:18:12+00:00\",\"dateModified\":\"2025-08-28T17:18:14+00:00\",\"description\":\"Misi\u00f3n de las \u00e1goras de Formaci\u00f3n Profesional y Educaci\u00f3n Social\",\"breadcrumb\":{\"@id\":\"https:\/\/mercedesbarrutia.com\/fundamental\/mision\/#breadcrumb\"},\"inLanguage\":\"es\",\"potentialAction\":[{\"@type\":\"ReadAction\",\"target\":[\"https:\/\/mercedesbarrutia.com\/fundamental\/mision\/\"]}]},{\"@type\":\"ImageObject\",\"inLanguage\":\"es\",\"@id\":\"https:\/\/mercedesbarrutia.com\/fundamental\/mision\/#primaryimage\",\"url\":\"https:\/\/mercedesbarrutia.com\/fundamental\/wp-content\/uploads\/2025\/08\/jazmin.png\",\"contentUrl\":\"https:\/\/mercedesbarrutia.com\/fundamental\/wp-content\/uploads\/2025\/08\/jazmin.png\",\"width\":300,\"height\":300},{\"@type\":\"BreadcrumbList\",\"@id\":\"https:\/\/mercedesbarrutia.com\/fundamental\/mision\/#breadcrumb\",\"itemListElement\":[{\"@type\":\"ListItem\",\"position\":1,\"name\":\"Portada\",\"item\":\"https:\/\/mercedesbarrutia.com\/fundamental\/\"},{\"@type\":\"ListItem\",\"position\":2,\"name\":\"Misi\u00f3n\"}]},{\"@type\":\"WebSite\",\"@id\":\"https:\/\/mercedesbarrutia.com\/fundamental\/#website\",\"url\":\"https:\/\/mercedesbarrutia.com\/fundamental\/\",\"name\":\"Formaci\u00f3n Profesional y Educaci\u00f3n Social\",\"description\":\"Formaci\u00f3n profesional &amp; educaci\u00f3n social\",\"publisher\":{\"@id\":\"https:\/\/mercedesbarrutia.com\/fundamental\/#\/schema\/person\/9beb311f3633e576fab6de667c16c022\"},\"potentialAction\":[{\"@type\":\"SearchAction\",\"target\":{\"@type\":\"EntryPoint\",\"urlTemplate\":\"https:\/\/mercedesbarrutia.com\/fundamental\/?s={search_term_string}\"},\"query-input\":{\"@type\":\"PropertyValueSpecification\",\"valueRequired\":true,\"valueName\":\"search_term_string\"}}],\"inLanguage\":\"es\"},{\"@type\":[\"Person\",\"Organization\"],\"@id\":\"https:\/\/mercedesbarrutia.com\/fundamental\/#\/schema\/person\/9beb311f3633e576fab6de667c16c022\",\"name\":\"Formaci\u00f3n Profesional y Educaci\u00f3n Social\",\"image\":{\"@type\":\"ImageObject\",\"inLanguage\":\"es\",\"@id\":\"https:\/\/mercedesbarrutia.com\/fundamental\/#\/schema\/person\/image\/\",\"url\":\"https:\/\/mercedesbarrutia.com\/fundamental\/wp-content\/uploads\/2025\/01\/FUNDAMENTAL-LOGOTIPO-03.png\",\"contentUrl\":\"https:\/\/mercedesbarrutia.com\/fundamental\/wp-content\/uploads\/2025\/01\/FUNDAMENTAL-LOGOTIPO-03.png\",\"width\":1082,\"height\":686,\"caption\":\"Formaci\u00f3n Profesional y Educaci\u00f3n Social\"},\"logo\":{\"@id\":\"https:\/\/mercedesbarrutia.com\/fundamental\/#\/schema\/person\/image\/\"},\"description\":\"Esta p\u00e1gina web es un entorno dedicado a la formaci\u00f3n profesional y a la educaci\u00f3n social a cargo de la comunicadora Mercedes Barrutia.\",\"sameAs\":[\"http:\/\/mercedesbarrutia.com\/fundamental\",\"https:\/\/www.instagram.com\/fundamental_formacion\/\",\"https:\/\/www.linkedin.com\/company\/fundamental-formacin\/\"]}]}<\/script>\n<!-- \/ Yoast SEO plugin. -->","yoast_head_json":{"title":"Misi\u00f3n - Es fundamental","description":"Misi\u00f3n de las \u00e1goras de Formaci\u00f3n Profesional y Educaci\u00f3n Social","robots":{"index":"index","follow":"follow","max-snippet":"max-snippet:-1","max-image-preview":"max-image-preview:large","max-video-preview":"max-video-preview:-1"},"canonical":"https:\/\/mercedesbarrutia.com\/fundamental\/mision\/","og_locale":"es_ES","og_type":"article","og_title":"Misi\u00f3n - Es fundamental","og_description":"Misi\u00f3n de las \u00e1goras de Formaci\u00f3n Profesional y Educaci\u00f3n Social","og_url":"https:\/\/mercedesbarrutia.com\/fundamental\/mision\/","og_site_name":"Es fundamental","article_modified_time":"2025-08-28T17:18:14+00:00","og_image":[{"width":300,"height":300,"url":"https:\/\/mercedesbarrutia.com\/fundamental\/wp-content\/uploads\/2025\/08\/jazmin.png","type":"image\/png"}],"twitter_card":"summary_large_image","twitter_misc":{"Tiempo de lectura":"1 minuto"},"schema":{"@context":"https:\/\/schema.org","@graph":[{"@type":"WebPage","@id":"https:\/\/mercedesbarrutia.com\/fundamental\/mision\/","url":"https:\/\/mercedesbarrutia.com\/fundamental\/mision\/","name":"Misi\u00f3n - Es fundamental","isPartOf":{"@id":"https:\/\/mercedesbarrutia.com\/fundamental\/#website"},"primaryImageOfPage":{"@id":"https:\/\/mercedesbarrutia.com\/fundamental\/mision\/#primaryimage"},"image":{"@id":"https:\/\/mercedesbarrutia.com\/fundamental\/mision\/#primaryimage"},"thumbnailUrl":"https:\/\/mercedesbarrutia.com\/fundamental\/wp-content\/uploads\/2025\/08\/jazmin.png","datePublished":"2025-08-28T17:18:12+00:00","dateModified":"2025-08-28T17:18:14+00:00","description":"Misi\u00f3n de las \u00e1goras de Formaci\u00f3n Profesional y Educaci\u00f3n Social","breadcrumb":{"@id":"https:\/\/mercedesbarrutia.com\/fundamental\/mision\/#breadcrumb"},"inLanguage":"es","potentialAction":[{"@type":"ReadAction","target":["https:\/\/mercedesbarrutia.com\/fundamental\/mision\/"]}]},{"@type":"ImageObject","inLanguage":"es","@id":"https:\/\/mercedesbarrutia.com\/fundamental\/mision\/#primaryimage","url":"https:\/\/mercedesbarrutia.com\/fundamental\/wp-content\/uploads\/2025\/08\/jazmin.png","contentUrl":"https:\/\/mercedesbarrutia.com\/fundamental\/wp-content\/uploads\/2025\/08\/jazmin.png","width":300,"height":300},{"@type":"BreadcrumbList","@id":"https:\/\/mercedesbarrutia.com\/fundamental\/mision\/#breadcrumb","itemListElement":[{"@type":"ListItem","position":1,"name":"Portada","item":"https:\/\/mercedesbarrutia.com\/fundamental\/"},{"@type":"ListItem","position":2,"name":"Misi\u00f3n"}]},{"@type":"WebSite","@id":"https:\/\/mercedesbarrutia.com\/fundamental\/#website","url":"https:\/\/mercedesbarrutia.com\/fundamental\/","name":"Formaci\u00f3n Profesional y Educaci\u00f3n Social","description":"Formaci\u00f3n profesional &amp; educaci\u00f3n social","publisher":{"@id":"https:\/\/mercedesbarrutia.com\/fundamental\/#\/schema\/person\/9beb311f3633e576fab6de667c16c022"},"potentialAction":[{"@type":"SearchAction","target":{"@type":"EntryPoint","urlTemplate":"https:\/\/mercedesbarrutia.com\/fundamental\/?s={search_term_string}"},"query-input":{"@type":"PropertyValueSpecification","valueRequired":true,"valueName":"search_term_string"}}],"inLanguage":"es"},{"@type":["Person","Organization"],"@id":"https:\/\/mercedesbarrutia.com\/fundamental\/#\/schema\/person\/9beb311f3633e576fab6de667c16c022","name":"Formaci\u00f3n Profesional y Educaci\u00f3n Social","image":{"@type":"ImageObject","inLanguage":"es","@id":"https:\/\/mercedesbarrutia.com\/fundamental\/#\/schema\/person\/image\/","url":"https:\/\/mercedesbarrutia.com\/fundamental\/wp-content\/uploads\/2025\/01\/FUNDAMENTAL-LOGOTIPO-03.png","contentUrl":"https:\/\/mercedesbarrutia.com\/fundamental\/wp-content\/uploads\/2025\/01\/FUNDAMENTAL-LOGOTIPO-03.png","width":1082,"height":686,"caption":"Formaci\u00f3n Profesional y Educaci\u00f3n Social"},"logo":{"@id":"https:\/\/mercedesbarrutia.com\/fundamental\/#\/schema\/person\/image\/"},"description":"Esta p\u00e1gina web es un entorno dedicado a la formaci\u00f3n profesional y a la educaci\u00f3n social a cargo de la comunicadora Mercedes Barrutia.","sameAs":["http:\/\/mercedesbarrutia.com\/fundamental","https:\/\/www.instagram.com\/fundamental_formacion\/","https:\/\/www.linkedin.com\/company\/fundamental-formacin\/"]}]}},"jetpack_sharing_enabled":true,"_links":{"self":[{"href":"https:\/\/mercedesbarrutia.com\/fundamental\/wp-json\/wp\/v2\/pages\/197","targetHints":{"allow":["GET"]}}],"collection":[{"href":"https:\/\/mercedesbarrutia.com\/fundamental\/wp-json\/wp\/v2\/pages"}],"about":[{"href":"https:\/\/mercedesbarrutia.com\/fundamental\/wp-json\/wp\/v2\/types\/page"}],"author":[{"embeddable":true,"href":"https:\/\/mercedesbarrutia.com\/fundamental\/wp-json\/wp\/v2\/users\/2"}],"replies":[{"embeddable":true,"href":"https:\/\/mercedesbarrutia.com\/fundamental\/wp-json\/wp\/v2\/comments?post=197"}],"version-history":[{"count":1,"href":"https:\/\/mercedesbarrutia.com\/fundamental\/wp-json\/wp\/v2\/pages\/197\/revisions"}],"predecessor-version":[{"id":198,"href":"https:\/\/mercedesbarrutia.com\/fundamental\/wp-json\/wp\/v2\/pages\/197\/revisions\/198"}],"wp:attachment":[{"href":"https:\/\/mercedesbarrutia.com\/fundamental\/wp-json\/wp\/v2\/media?parent=197"}],"curies":[{"name":"wp","href":"https:\/\/api.w.org\/{rel}","templated":true}]}}