{"id":163,"date":"2024-06-12T20:24:48","date_gmt":"2024-06-12T20:24:48","guid":{"rendered":"https:\/\/mercedesbarrutia.com\/fundamental\/?page_id=163"},"modified":"2024-06-12T20:24:48","modified_gmt":"2024-06-12T20:24:48","slug":"comunicacion-y-marketing-para-pequenas-y-medianas-empresas","status":"publish","type":"page","link":"https:\/\/mercedesbarrutia.com\/fundamental\/comunicacion-y-marketing-para-pequenas-y-medianas-empresas\/","title":{"rendered":"Comunicaci\u00f3n y  marketing para peque\u00f1as y medianas empresas"},"content":{"rendered":"\n<div style=\"height:29px\" aria-hidden=\"true\" class=\"wp-block-spacer gtfy-1\"><\/div>\n\n\n\n<p class=\"gtfy-4\"><strong>Podemos montar una formaci\u00f3n personalizada  o una sesi\u00f3n de asesoramiento para tu marca, para ti o para todo tu equipo. <br>\u00bfNo sabes por d\u00f3nde empezar? \u00bfO ya has empezado pero no sabes qu\u00e9 necesita tu marca?<br>\u00bfTu marca pide m\u00e1s? \u00a1D\u00e1selo!<\/strong><\/p>\n\n\n\n<p class=\"gtfy-7\">A trav\u00e9s de la formaci\u00f3n o el asesoramiento especializado, podemos realizar a medida sesiones sobre los siguientes aspectos relacionados con el marketing y la comunicaci\u00f3n de tu marca:<br>(recuerda que <a href=\"https:\/\/www.mercedesbarrutia.com\/index.php\/experiencia-profesional\/\"><mark style=\"background-color:rgba(0, 0, 0, 0)\" class=\"has-inline-color has-custom-color-2-color\">Mercedes Barrutia<\/mark><\/a> es tambi\u00e9n docente para la Formaci\u00f3n Profesional)<\/p>\n\n\n\n<p class=\"gtfy-10\">Branding: c\u00f3mo construir tu marca<br>Rebranding: c\u00f3mo reposicionar tu marca<br>Inbound marketing: todo para tu cliente<br>Mail marketing: estrategias y desarrollo<br>Marketing para redes sociales<br>Contenido de valor y marketing de contenidos<br>C\u00f3mo mejorar el awareness y engagement<br>Crea tus propios contenidos: edici\u00f3n de v\u00eddeo y audio y dise\u00f1o<br>Embudos de ventas<br>Gesti\u00f3n de redes sociales<br>Planes de comunicaci\u00f3n<br>Presentaciones<br><\/p>\n\n\n\n<p class=\"gtfy-13\">\u00bfNecesitas otra cosa? Escr\u00edbenos. <br>\u00bfTe interesa? Escr\u00edbenos. <br>Mercedes Barrutia te atiende en fundamental@mercedesbarrutia.com <\/p>\n\n\n\n<p class=\"gtfy-16\">Te hacemos un proyecto y un presupuesto a medida. <br><br><br><br><\/p>\n","protected":false},"excerpt":{"rendered":"<p>Podemos montar una formaci\u00f3n personalizada o una sesi\u00f3n de asesoramiento para tu marca, para ti [&hellip;]<\/p>\n","protected":false},"author":2,"featured_media":0,"parent":0,"menu_order":0,"comment_status":"closed","ping_status":"closed","template":"","meta":{"_gutenify_countdown_timer_type":"fixed","_gutenify_countdown_timer_evergreen_hours":24,"_gutenify_countdown_timer_evergreen_minutes":0,"_gutenify_countdown_timer_date":"","_gutenify_countdown_timer_timezone":"US\/Eastern","_gutenify_countdown_timer_end_action":"none","_gutenify_countdown_timer_hide_selector":"","_gutenify_countdown_timer_redirect_url":"","_uag_custom_page_level_css":"","footnotes":""},"class_list":["post-163","page","type-page","status-publish","hentry"],"yoast_head":"<!-- This site is optimized with the Yoast SEO plugin v27.5 - https:\/\/yoast.com\/product\/yoast-seo-wordpress\/ -->\n<title>Comunicaci\u00f3n y marketing para peque\u00f1as y medianas empresas - Es fundamental<\/title>\n<meta name=\"robots\" content=\"index, follow, max-snippet:-1, max-image-preview:large, max-video-preview:-1\" \/>\n<link rel=\"canonical\" href=\"https:\/\/mercedesbarrutia.com\/fundamental\/comunicacion-y-marketing-para-pequenas-y-medianas-empresas\/\" \/>\n<meta property=\"og:locale\" content=\"es_ES\" \/>\n<meta property=\"og:type\" content=\"article\" \/>\n<meta property=\"og:title\" content=\"Comunicaci\u00f3n y marketing para peque\u00f1as y medianas empresas - Es fundamental\" \/>\n<meta property=\"og:description\" content=\"Podemos montar una formaci\u00f3n personalizada o una sesi\u00f3n de asesoramiento para tu marca, para ti [&hellip;]\" \/>\n<meta property=\"og:url\" content=\"https:\/\/mercedesbarrutia.com\/fundamental\/comunicacion-y-marketing-para-pequenas-y-medianas-empresas\/\" \/>\n<meta property=\"og:site_name\" content=\"Es fundamental\" \/>\n<meta name=\"twitter:card\" content=\"summary_large_image\" \/>\n<meta name=\"twitter:label1\" content=\"Tiempo de lectura\" \/>\n\t<meta name=\"twitter:data1\" content=\"1 minuto\" \/>\n<script type=\"application\/ld+json\" class=\"yoast-schema-graph\">{\"@context\":\"https:\\\/\\\/schema.org\",\"@graph\":[{\"@type\":\"WebPage\",\"@id\":\"https:\\\/\\\/mercedesbarrutia.com\\\/fundamental\\\/comunicacion-y-marketing-para-pequenas-y-medianas-empresas\\\/\",\"url\":\"https:\\\/\\\/mercedesbarrutia.com\\\/fundamental\\\/comunicacion-y-marketing-para-pequenas-y-medianas-empresas\\\/\",\"name\":\"Comunicaci\u00f3n y marketing para peque\u00f1as y medianas empresas - Es fundamental\",\"isPartOf\":{\"@id\":\"https:\\\/\\\/mercedesbarrutia.com\\\/fundamental\\\/#website\"},\"datePublished\":\"2024-06-12T20:24:48+00:00\",\"breadcrumb\":{\"@id\":\"https:\\\/\\\/mercedesbarrutia.com\\\/fundamental\\\/comunicacion-y-marketing-para-pequenas-y-medianas-empresas\\\/#breadcrumb\"},\"inLanguage\":\"es\",\"potentialAction\":[{\"@type\":\"ReadAction\",\"target\":[\"https:\\\/\\\/mercedesbarrutia.com\\\/fundamental\\\/comunicacion-y-marketing-para-pequenas-y-medianas-empresas\\\/\"]}]},{\"@type\":\"BreadcrumbList\",\"@id\":\"https:\\\/\\\/mercedesbarrutia.com\\\/fundamental\\\/comunicacion-y-marketing-para-pequenas-y-medianas-empresas\\\/#breadcrumb\",\"itemListElement\":[{\"@type\":\"ListItem\",\"position\":1,\"name\":\"Portada\",\"item\":\"https:\\\/\\\/mercedesbarrutia.com\\\/fundamental\\\/\"},{\"@type\":\"ListItem\",\"position\":2,\"name\":\"Comunicaci\u00f3n y marketing para peque\u00f1as y medianas empresas\"}]},{\"@type\":\"WebSite\",\"@id\":\"https:\\\/\\\/mercedesbarrutia.com\\\/fundamental\\\/#website\",\"url\":\"https:\\\/\\\/mercedesbarrutia.com\\\/fundamental\\\/\",\"name\":\"Formaci\u00f3n Profesional y Educaci\u00f3n Social\",\"description\":\"Formaci\u00f3n profesional &amp; educaci\u00f3n social\",\"publisher\":{\"@id\":\"https:\\\/\\\/mercedesbarrutia.com\\\/fundamental\\\/#\\\/schema\\\/person\\\/9beb311f3633e576fab6de667c16c022\"},\"potentialAction\":[{\"@type\":\"SearchAction\",\"target\":{\"@type\":\"EntryPoint\",\"urlTemplate\":\"https:\\\/\\\/mercedesbarrutia.com\\\/fundamental\\\/?s={search_term_string}\"},\"query-input\":{\"@type\":\"PropertyValueSpecification\",\"valueRequired\":true,\"valueName\":\"search_term_string\"}}],\"inLanguage\":\"es\"},{\"@type\":[\"Person\",\"Organization\"],\"@id\":\"https:\\\/\\\/mercedesbarrutia.com\\\/fundamental\\\/#\\\/schema\\\/person\\\/9beb311f3633e576fab6de667c16c022\",\"name\":\"Formaci\u00f3n Profesional y Educaci\u00f3n Social\",\"image\":{\"@type\":\"ImageObject\",\"inLanguage\":\"es\",\"@id\":\"https:\\\/\\\/mercedesbarrutia.com\\\/fundamental\\\/wp-content\\\/uploads\\\/2025\\\/01\\\/FUNDAMENTAL-LOGOTIPO-03.png\",\"url\":\"https:\\\/\\\/mercedesbarrutia.com\\\/fundamental\\\/wp-content\\\/uploads\\\/2025\\\/01\\\/FUNDAMENTAL-LOGOTIPO-03.png\",\"contentUrl\":\"https:\\\/\\\/mercedesbarrutia.com\\\/fundamental\\\/wp-content\\\/uploads\\\/2025\\\/01\\\/FUNDAMENTAL-LOGOTIPO-03.png\",\"width\":1082,\"height\":686,\"caption\":\"Formaci\u00f3n Profesional y Educaci\u00f3n Social\"},\"logo\":{\"@id\":\"https:\\\/\\\/mercedesbarrutia.com\\\/fundamental\\\/wp-content\\\/uploads\\\/2025\\\/01\\\/FUNDAMENTAL-LOGOTIPO-03.png\"},\"description\":\"Esta p\u00e1gina web es un entorno dedicado a la formaci\u00f3n profesional y a la educaci\u00f3n social a cargo de la comunicadora Mercedes Barrutia.\",\"sameAs\":[\"http:\\\/\\\/mercedesbarrutia.com\\\/fundamental\",\"https:\\\/\\\/www.instagram.com\\\/fundamental_formacion\\\/\",\"https:\\\/\\\/www.linkedin.com\\\/company\\\/fundamental-formacin\\\/\"]}]}<\/script>\n<!-- \/ Yoast SEO plugin. -->","yoast_head_json":{"title":"Comunicaci\u00f3n y marketing para peque\u00f1as y medianas empresas - Es fundamental","robots":{"index":"index","follow":"follow","max-snippet":"max-snippet:-1","max-image-preview":"max-image-preview:large","max-video-preview":"max-video-preview:-1"},"canonical":"https:\/\/mercedesbarrutia.com\/fundamental\/comunicacion-y-marketing-para-pequenas-y-medianas-empresas\/","og_locale":"es_ES","og_type":"article","og_title":"Comunicaci\u00f3n y marketing para peque\u00f1as y medianas empresas - Es fundamental","og_description":"Podemos montar una formaci\u00f3n personalizada o una sesi\u00f3n de asesoramiento para tu marca, para ti [&hellip;]","og_url":"https:\/\/mercedesbarrutia.com\/fundamental\/comunicacion-y-marketing-para-pequenas-y-medianas-empresas\/","og_site_name":"Es fundamental","twitter_card":"summary_large_image","twitter_misc":{"Tiempo de lectura":"1 minuto"},"schema":{"@context":"https:\/\/schema.org","@graph":[{"@type":"WebPage","@id":"https:\/\/mercedesbarrutia.com\/fundamental\/comunicacion-y-marketing-para-pequenas-y-medianas-empresas\/","url":"https:\/\/mercedesbarrutia.com\/fundamental\/comunicacion-y-marketing-para-pequenas-y-medianas-empresas\/","name":"Comunicaci\u00f3n y marketing para peque\u00f1as y medianas empresas - Es fundamental","isPartOf":{"@id":"https:\/\/mercedesbarrutia.com\/fundamental\/#website"},"datePublished":"2024-06-12T20:24:48+00:00","breadcrumb":{"@id":"https:\/\/mercedesbarrutia.com\/fundamental\/comunicacion-y-marketing-para-pequenas-y-medianas-empresas\/#breadcrumb"},"inLanguage":"es","potentialAction":[{"@type":"ReadAction","target":["https:\/\/mercedesbarrutia.com\/fundamental\/comunicacion-y-marketing-para-pequenas-y-medianas-empresas\/"]}]},{"@type":"BreadcrumbList","@id":"https:\/\/mercedesbarrutia.com\/fundamental\/comunicacion-y-marketing-para-pequenas-y-medianas-empresas\/#breadcrumb","itemListElement":[{"@type":"ListItem","position":1,"name":"Portada","item":"https:\/\/mercedesbarrutia.com\/fundamental\/"},{"@type":"ListItem","position":2,"name":"Comunicaci\u00f3n y marketing para peque\u00f1as y medianas empresas"}]},{"@type":"WebSite","@id":"https:\/\/mercedesbarrutia.com\/fundamental\/#website","url":"https:\/\/mercedesbarrutia.com\/fundamental\/","name":"Formaci\u00f3n Profesional y Educaci\u00f3n Social","description":"Formaci\u00f3n profesional &amp; educaci\u00f3n social","publisher":{"@id":"https:\/\/mercedesbarrutia.com\/fundamental\/#\/schema\/person\/9beb311f3633e576fab6de667c16c022"},"potentialAction":[{"@type":"SearchAction","target":{"@type":"EntryPoint","urlTemplate":"https:\/\/mercedesbarrutia.com\/fundamental\/?s={search_term_string}"},"query-input":{"@type":"PropertyValueSpecification","valueRequired":true,"valueName":"search_term_string"}}],"inLanguage":"es"},{"@type":["Person","Organization"],"@id":"https:\/\/mercedesbarrutia.com\/fundamental\/#\/schema\/person\/9beb311f3633e576fab6de667c16c022","name":"Formaci\u00f3n Profesional y Educaci\u00f3n Social","image":{"@type":"ImageObject","inLanguage":"es","@id":"https:\/\/mercedesbarrutia.com\/fundamental\/wp-content\/uploads\/2025\/01\/FUNDAMENTAL-LOGOTIPO-03.png","url":"https:\/\/mercedesbarrutia.com\/fundamental\/wp-content\/uploads\/2025\/01\/FUNDAMENTAL-LOGOTIPO-03.png","contentUrl":"https:\/\/mercedesbarrutia.com\/fundamental\/wp-content\/uploads\/2025\/01\/FUNDAMENTAL-LOGOTIPO-03.png","width":1082,"height":686,"caption":"Formaci\u00f3n Profesional y Educaci\u00f3n Social"},"logo":{"@id":"https:\/\/mercedesbarrutia.com\/fundamental\/wp-content\/uploads\/2025\/01\/FUNDAMENTAL-LOGOTIPO-03.png"},"description":"Esta p\u00e1gina web es un entorno dedicado a la formaci\u00f3n profesional y a la educaci\u00f3n social a cargo de la comunicadora Mercedes Barrutia.","sameAs":["http:\/\/mercedesbarrutia.com\/fundamental","https:\/\/www.instagram.com\/fundamental_formacion\/","https:\/\/www.linkedin.com\/company\/fundamental-formacin\/"]}]}},"uagb_featured_image_src":{"full":false,"thumbnail":false,"medium":false,"medium_large":false,"large":false,"1536x1536":false,"2048x2048":false},"uagb_author_info":{"display_name":"Formaci\u00f3n Profesional y Educaci\u00f3n Social","author_link":"https:\/\/mercedesbarrutia.com\/fundamental\/author\/admin-2\/"},"uagb_comment_info":0,"uagb_excerpt":"Podemos montar una formaci\u00f3n personalizada o una sesi\u00f3n de asesoramiento para tu marca, para ti [&hellip;]","jetpack_sharing_enabled":true,"_links":{"self":[{"href":"https:\/\/mercedesbarrutia.com\/fundamental\/wp-json\/wp\/v2\/pages\/163","targetHints":{"allow":["GET"]}}],"collection":[{"href":"https:\/\/mercedesbarrutia.com\/fundamental\/wp-json\/wp\/v2\/pages"}],"about":[{"href":"https:\/\/mercedesbarrutia.com\/fundamental\/wp-json\/wp\/v2\/types\/page"}],"author":[{"embeddable":true,"href":"https:\/\/mercedesbarrutia.com\/fundamental\/wp-json\/wp\/v2\/users\/2"}],"replies":[{"embeddable":true,"href":"https:\/\/mercedesbarrutia.com\/fundamental\/wp-json\/wp\/v2\/comments?post=163"}],"version-history":[{"count":1,"href":"https:\/\/mercedesbarrutia.com\/fundamental\/wp-json\/wp\/v2\/pages\/163\/revisions"}],"predecessor-version":[{"id":164,"href":"https:\/\/mercedesbarrutia.com\/fundamental\/wp-json\/wp\/v2\/pages\/163\/revisions\/164"}],"wp:attachment":[{"href":"https:\/\/mercedesbarrutia.com\/fundamental\/wp-json\/wp\/v2\/media?parent=163"}],"curies":[{"name":"wp","href":"https:\/\/api.w.org\/{rel}","templated":true}]}}

Comunicación y  marketing para pequeñas y medianas empresas

<div style="height:29px" aria-hidden="true" class="wp-block-spacer gtfy-1"></div>



<p class="gtfy-4"><strong>Podemos montar una formación personalizada  o una sesión de asesoramiento para tu marca, para ti o para todo tu equipo. <br>¿No sabes por dónde empezar? ¿O ya has empezado pero no sabes qué necesita tu marca?<br>¿Tu marca pide más? ¡Dáselo!</strong></p>



<p class="gtfy-7">A través de la formación o el asesoramiento especializado, podemos realizar a medida sesiones sobre los siguientes aspectos relacionados con el marketing y la comunicación de tu marca:<br>(recuerda que <a href="https://www.mercedesbarrutia.com/index.php/experiencia-profesional/"><mark style="background-color:rgba(0, 0, 0, 0)" class="has-inline-color has-custom-color-2-color">Mercedes Barrutia</mark></a> es también docente para la Formación Profesional)</p>



<p class="gtfy-10">Branding: cómo construir tu marca<br>Rebranding: cómo reposicionar tu marca<br>Inbound marketing: todo para tu cliente<br>Mail marketing: estrategias y desarrollo<br>Marketing para redes sociales<br>Contenido de valor y marketing de contenidos<br>Cómo mejorar el awareness y engagement<br>Crea tus propios contenidos: edición de vídeo y audio y diseño<br>Embudos de ventas<br>Gestión de redes sociales<br>Planes de comunicación<br>Presentaciones<br></p>



<p class="gtfy-13">¿Necesitas otra cosa? Escríbenos. <br>¿Te interesa? Escríbenos. <br>Mercedes Barrutia te atiende en fundamental@mercedesbarrutia.com </p>



<p class="gtfy-16">Te hacemos un proyecto y un presupuesto a medida. <br><br><br><br></p>

<p>Podemos montar una formación personalizada o una sesión de asesoramiento para tu marca, para ti [&hellip;]</p>

<!-- This site is optimized with the Yoast SEO plugin v27.5 - https://yoast.com/product/yoast-seo-wordpress/ -->
<title>Comunicación y marketing para pequeñas y medianas empresas - Es fundamental</title>
<meta name="robots" content="index, follow, max-snippet:-1, max-image-preview:large, max-video-preview:-1" />
<link rel="canonical" href="https://mercedesbarrutia.com/fundamental/comunicacion-y-marketing-para-pequenas-y-medianas-empresas/" />
<meta property="og:locale" content="es_ES" />
<meta property="og:type" content="article" />
<meta property="og:title" content="Comunicación y marketing para pequeñas y medianas empresas - Es fundamental" />
<meta property="og:description" content="Podemos montar una formación personalizada o una sesión de asesoramiento para tu marca, para ti [&hellip;]" />
<meta property="og:url" content="https://mercedesbarrutia.com/fundamental/comunicacion-y-marketing-para-pequenas-y-medianas-empresas/" />
<meta property="og:site_name" content="Es fundamental" />
<meta name="twitter:card" content="summary_large_image" />
<meta name="twitter:label1" content="Tiempo de lectura" />
	<meta name="twitter:data1" content="1 minuto" />
<script type="application/ld+json" class="yoast-schema-graph">{"@context":"https:\/\/schema.org","@graph":[{"@type":"WebPage","@id":"https:\/\/mercedesbarrutia.com\/fundamental\/comunicacion-y-marketing-para-pequenas-y-medianas-empresas\/","url":"https:\/\/mercedesbarrutia.com\/fundamental\/comunicacion-y-marketing-para-pequenas-y-medianas-empresas\/","name":"Comunicación y marketing para pequeñas y medianas empresas - Es fundamental","isPartOf":{"@id":"https:\/\/mercedesbarrutia.com\/fundamental\/#website"},"datePublished":"2024-06-12T20:24:48+00:00","breadcrumb":{"@id":"https:\/\/mercedesbarrutia.com\/fundamental\/comunicacion-y-marketing-para-pequenas-y-medianas-empresas\/#breadcrumb"},"inLanguage":"es","potentialAction":[{"@type":"ReadAction","target":["https:\/\/mercedesbarrutia.com\/fundamental\/comunicacion-y-marketing-para-pequenas-y-medianas-empresas\/"]}]},{"@type":"BreadcrumbList","@id":"https:\/\/mercedesbarrutia.com\/fundamental\/comunicacion-y-marketing-para-pequenas-y-medianas-empresas\/#breadcrumb","itemListElement":[{"@type":"ListItem","position":1,"name":"Portada","item":"https:\/\/mercedesbarrutia.com\/fundamental\/"},{"@type":"ListItem","position":2,"name":"Comunicación y marketing para pequeñas y medianas empresas"}]},{"@type":"WebSite","@id":"https:\/\/mercedesbarrutia.com\/fundamental\/#website","url":"https:\/\/mercedesbarrutia.com\/fundamental\/","name":"Formación Profesional y Educación Social","description":"Formación profesional &amp; educación social","publisher":{"@id":"https:\/\/mercedesbarrutia.com\/fundamental\/#\/schema\/person\/9beb311f3633e576fab6de667c16c022"},"potentialAction":[{"@type":"SearchAction","target":{"@type":"EntryPoint","urlTemplate":"https:\/\/mercedesbarrutia.com\/fundamental\/?s={search_term_string}"},"query-input":{"@type":"PropertyValueSpecification","valueRequired":true,"valueName":"search_term_string"}}],"inLanguage":"es"},{"@type":["Person","Organization"],"@id":"https:\/\/mercedesbarrutia.com\/fundamental\/#\/schema\/person\/9beb311f3633e576fab6de667c16c022","name":"Formación Profesional y Educación Social","image":{"@type":"ImageObject","inLanguage":"es","@id":"https:\/\/mercedesbarrutia.com\/fundamental\/wp-content\/uploads\/2025\/01\/FUNDAMENTAL-LOGOTIPO-03.png","url":"https:\/\/mercedesbarrutia.com\/fundamental\/wp-content\/uploads\/2025\/01\/FUNDAMENTAL-LOGOTIPO-03.png","contentUrl":"https:\/\/mercedesbarrutia.com\/fundamental\/wp-content\/uploads\/2025\/01\/FUNDAMENTAL-LOGOTIPO-03.png","width":1082,"height":686,"caption":"Formación Profesional y Educación Social"},"logo":{"@id":"https:\/\/mercedesbarrutia.com\/fundamental\/wp-content\/uploads\/2025\/01\/FUNDAMENTAL-LOGOTIPO-03.png"},"description":"Esta página web es un entorno dedicado a la formación profesional y a la educación social a cargo de la comunicadora Mercedes Barrutia.","sameAs":["http:\/\/mercedesbarrutia.com\/fundamental","https:\/\/www.instagram.com\/fundamental_formacion\/","https:\/\/www.linkedin.com\/company\/fundamental-formacin\/"]}]}</script>
<!-- / Yoast SEO plugin. -->

Comunicación y marketing para pequeñas y medianas empresas - Es fundamental

Podemos montar una formación personalizada o una sesión de asesoramiento para tu marca, para ti [&hellip;]

Comunicación y marketing para pequeñas y medianas empresas

Formación Profesional y Educación Social

Formación profesional &amp; educación social

Esta página web es un entorno dedicado a la formación profesional y a la educación social a cargo de la comunicadora Mercedes Barrutia.
